{"id":340,"date":"2010-04-28T22:36:37","date_gmt":"2010-04-28T20:36:37","guid":{"rendered":"http:\/\/johannazweiger.wordpress.com\/"},"modified":"2023-03-10T23:16:16","modified_gmt":"2023-03-10T23:16:16","slug":"radio","status":"publish","type":"page","link":"https:\/\/johannazweiger.at\/?page_id=340","title":{"rendered":"Audio"},"content":{"rendered":"<p><strong>\u00a0&#8212; Sorry, German only. &#8212;<\/strong><\/p>\n<p>Meine Stationen beim Radio:<\/p>\n<ul>\n<li>Dezember 2013 &#8211; Februar 2023: <strong>Nachrichtenredakteurin<\/strong> bei <a href=\"http:\/\/www.radiocontent.net\/\">radio content austria (rca)<\/a>, Recherche und Pr\u00e4sentation der st\u00fcndlichen Radionachrichten f\u00fcr Privatsender in ganz \u00d6sterreich<\/li>\n<li>Juli 2012 und August bis November 2013: Praktikum bei radio content austria, <strong>erstes Mal on air<\/strong> im Rahmen der nationalen Nachrichten am 15. Juli 2012.<\/li>\n<li>J\u00e4nner bis Juli 2012: <strong>Sprecherausbildung<\/strong> bei <a href=\"http:\/\/www.gregorwithalm.at\/\">Dr. Gregor Withalm<\/a> (Chefredakteur rca).<\/li>\n<li>Oktober 2011 bis J\u00e4nner 2012: Viermonatiges <strong>Pflichtpraktikum <\/strong>bei <a href=\"http:\/\/www.antenne.at\/index.php?id=30\">Antenne Steiermark<\/a> und radio content austria im Rahmen meines Studiums.<\/li>\n<li>M\u00e4rz bis Juli 2011: Grund- und Moderationsausbildung beim <strong>Hochschulradio Stuttgart<\/strong> (<a href=\"http:\/\/www.horads.de\/\">\u201ehorads\u201c<\/a>) im Rahmen meines Auslandssemesters an der Hochschule der Medien. CvD- &amp; Moderationst\u00e4tigkeiten f\u00fcr die Morning Show.<\/li>\n<li>J\u00e4nner bis Juni 2010: Sendungsmacherin auf <a href=\"http:\/\/helsinki.at\/\">Radio Helsinki<\/a> beim <strong>Projekt JUKreiz<\/strong> (Sendung \u201eaufSTRICH\u201c). Radiofeatures zu Graz-bezogenen Themen und Co-Moderationen.<\/li>\n<\/ul>\n<h2><span style=\"color: #000000;\"><strong><strong>H\u00f6rproben<br \/>\n<\/strong><\/strong><\/span><\/h2>\n<!--[if lt IE 9]><script>document.createElement('audio');<\/script><![endif]-->\n<audio class=\"wp-audio-shortcode\" id=\"audio-340-1\" preload=\"none\" style=\"width: 100%;\" controls=\"controls\"><source type=\"audio\/mpeg\" src=\"http:\/\/johannazweiger.at\/wp-content\/uploads\/2010\/04\/Polyamorie_Beitrag_Zweiger_kleiner.mp3?_=1\" \/><a href=\"http:\/\/johannazweiger.at\/wp-content\/uploads\/2010\/04\/Polyamorie_Beitrag_Zweiger_kleiner.mp3\">http:\/\/johannazweiger.at\/wp-content\/uploads\/2010\/04\/Polyamorie_Beitrag_Zweiger_kleiner.mp3<\/a><\/audio>\n<p><a href=\"http:\/\/johannazweiger.at\/?attachment_id=12785\" rel=\"attachment wp-att-12785\"><img loading=\"lazy\" class=\"alignleft wp-image-12785 size-thumbnail\" src=\"http:\/\/johannazweiger.at\/wp-content\/uploads\/2010\/04\/polyamorie_logo-150x150.png\" alt=\"polyamorie_logo\" width=\"150\" height=\"150\" srcset=\"https:\/\/johannazweiger.at\/wp-content\/uploads\/2010\/04\/polyamorie_logo-150x150.png 150w, https:\/\/johannazweiger.at\/wp-content\/uploads\/2010\/04\/polyamorie_logo-300x300.png 300w, https:\/\/johannazweiger.at\/wp-content\/uploads\/2010\/04\/polyamorie_logo-768x768.png 768w, https:\/\/johannazweiger.at\/wp-content\/uploads\/2010\/04\/polyamorie_logo.png 1024w\" sizes=\"(max-width: 150px) 100vw, 150px\" \/><\/a><\/p>\n<p><span style=\"color: #000000;\"><strong>Beitrag zum Thema Polyamorie<\/strong><\/span><\/p>\n<p><span style=\"color: #000000;\">Im Mai 2019 habe ich mich mit einer mir bisher eher unbekannten Form des Liebenslebens &#8211; der Polyamorie &#8211; besch\u00e4ftgt. Im daraus entstandenen Beitrag spreche ich mit Daniel und Jessi, die seit mehreren Jahren polyamor leben. Sie erz\u00e4hlen davon, wie wichtig Kommunikation (nicht nur in polyamoren Beziehungen) ist, welchen Vorurteilen sie begegnen und wie sie sich ihre gemeinsame Zukunft vorstellen.<\/span><\/p>\n<audio class=\"wp-audio-shortcode\" id=\"audio-340-2\" preload=\"none\" style=\"width: 100%;\" controls=\"controls\"><source type=\"audio\/mpeg\" src=\"http:\/\/johannazweiger.at\/wp-content\/uploads\/2010\/04\/Unabh\u00e4ngigkeitsbewegungen_lang.mp3?_=2\" \/><a href=\"http:\/\/johannazweiger.at\/wp-content\/uploads\/2010\/04\/Unabh\u00e4ngigkeitsbewegungen_lang.mp3\">http:\/\/johannazweiger.at\/wp-content\/uploads\/2010\/04\/Unabh\u00e4ngigkeitsbewegungen_lang.mp3<\/a><\/audio>\n<p><a href=\"http:\/\/johannazweiger.at\/?attachment_id=5917\" rel=\"attachment wp-att-5914\"><img loading=\"lazy\" class=\"alignleft wp-image-5917\" title=\"Paul Gragl im Gespr\u00e4ch (c) Johanna Zweiger\" src=\"http:\/\/johannazweiger.at\/wp-content\/uploads\/2010\/04\/DSC00258c_neu-300x200.jpg\" alt=\"\" width=\"227\" height=\"151\" srcset=\"https:\/\/johannazweiger.at\/wp-content\/uploads\/2010\/04\/DSC00258c_neu-300x200.jpg 300w, https:\/\/johannazweiger.at\/wp-content\/uploads\/2010\/04\/DSC00258c_neu-768x512.jpg 768w, https:\/\/johannazweiger.at\/wp-content\/uploads\/2010\/04\/DSC00258c_neu-1024x683.jpg 1024w\" sizes=\"(max-width: 227px) 100vw, 227px\" \/><\/a><\/p>\n<p><span style=\"color: #000000;\"><strong>Beitrag zum Thema Unabh\u00e4ngigkeitsbewegungen mit Paul Gragl<\/strong><\/span><\/p>\n<p><span style=\"color: #000000;\">Mit einem spannenden Interview mit Paul Gragl zu Unabh\u00e4ngigkeitsbewegungen in Gro\u00dfbritannien, Spanien und der Ukraine habe ich im Mai 2017 einen gebauten Beitrag gestaltet. Paul Gragl ist Senior Lecturer an der Queen Mary-Universit\u00e4t in London und au\u00dferdem Lehrbeauftragter an der Karl-Franzens-Universit\u00e4t Graz. Anfang 2018 ist seine Habilitation <a style=\"color: #000000;\" href=\"https:\/\/global.oup.com\/academic\/product\/legal-monism-9780198796268?lang=en&amp;cc=be\" target=\"_blank\" rel=\"noopener\">&#8220;Legal Monism&#8221;<\/a> im Verlag Oxford University Press erschienen.<\/span><\/p>\n<audio class=\"wp-audio-shortcode\" id=\"audio-340-3\" preload=\"none\" style=\"width: 100%;\" controls=\"controls\"><source type=\"audio\/mpeg\" src=\"http:\/\/johannazweiger.at\/wp-content\/uploads\/2010\/04\/BBK_Portrait_neu_fertig.mp3?_=3\" \/><a href=\"http:\/\/johannazweiger.at\/wp-content\/uploads\/2010\/04\/BBK_Portrait_neu_fertig.mp3\">http:\/\/johannazweiger.at\/wp-content\/uploads\/2010\/04\/BBK_Portrait_neu_fertig.mp3<\/a><\/audio>\n<p><span style=\"color: #000000;\"><a href=\"http:\/\/johannazweiger.at\/wp-content\/uploads\/2011\/07\/dsc08248.jpg\"><span style=\"color: #000000;\"><img loading=\"lazy\" class=\"alignleft wp-image-1447\" title=\"B.B. King beim Jazzopen in Stuttgart (c) Johanna Zweiger\" src=\"http:\/\/johannazweiger.at\/wp-content\/uploads\/2011\/07\/dsc08248.jpg?w=1024\" alt=\"B.B.King beim Jazzopen Stuttgart (2011)\" width=\"227\" height=\"151\" srcset=\"https:\/\/johannazweiger.at\/wp-content\/uploads\/2011\/07\/dsc08248.jpg 3456w, https:\/\/johannazweiger.at\/wp-content\/uploads\/2011\/07\/dsc08248-300x200.jpg 300w, https:\/\/johannazweiger.at\/wp-content\/uploads\/2011\/07\/dsc08248-1024x682.jpg 1024w\" sizes=\"(max-width: 227px) 100vw, 227px\" \/><\/span><\/a><\/span><\/p>\n<p><span style=\"color: #000000;\"><strong>K\u00fcnstlerportait B.B.<\/strong><\/span><span style=\"color: #000000;\"><span style=\"color: #000000;\"><span style=\"color: #000000;\"><span style=\"color: #000000;\"><span style=\"color: #000000;\"><strong>King<\/strong><\/span><\/span><\/span><\/span><\/span><\/p>\n<p><span style=\"color: #000000;\">W\u00e4hrend meines Auslandssemesters an der Hochschule der Medien Anfang 2011\u00a0 in Stuttgart besuchte ich zus\u00e4tzlich zu meiner T\u00e4tigkeit beim Hochschulradio einen Radioworkshop. Ziel der LV war es, einen sendereifen Beitrag zu produzieren. Ich entschied mich f\u00fcr ein K\u00fcnstlerportrait \u00fcber den &#8220;King of the Blues&#8221; &#8211; B.B.King, der im Juli 2011 beim <a href=\"https:\/\/www.jazzopen.com\/\">Jazzopen Stuttgart<\/a> auftreten sollte.<br \/>\n<\/span><\/p>\n","protected":false},"excerpt":{"rendered":"<p>\u00a0&#8212; Sorry, German only. &#8212; Meine Stationen beim Radio: Dezember 2013 &#8211; Februar 2023: Nachrichtenredakteurin bei radio content austria (rca), Recherche und Pr\u00e4sentation der st\u00fcndlichen Radionachrichten f\u00fcr Privatsender in ganz \u00d6sterreich Juli 2012 und August<\/p>\n","protected":false},"author":1,"featured_media":0,"parent":320,"menu_order":1,"comment_status":"closed","ping_status":"closed","template":"","meta":[],"_links":{"self":[{"href":"https:\/\/johannazweiger.at\/index.php?rest_route=\/wp\/v2\/pages\/340"}],"collection":[{"href":"https:\/\/johannazweiger.at\/index.php?rest_route=\/wp\/v2\/pages"}],"about":[{"href":"https:\/\/johannazweiger.at\/index.php?rest_route=\/wp\/v2\/types\/page"}],"author":[{"embeddable":true,"href":"https:\/\/johannazweiger.at\/index.php?rest_route=\/wp\/v2\/users\/1"}],"replies":[{"embeddable":true,"href":"https:\/\/johannazweiger.at\/index.php?rest_route=%2Fwp%2Fv2%2Fcomments&post=340"}],"version-history":[{"count":20,"href":"https:\/\/johannazweiger.at\/index.php?rest_route=\/wp\/v2\/pages\/340\/revisions"}],"predecessor-version":[{"id":12959,"href":"https:\/\/johannazweiger.at\/index.php?rest_route=\/wp\/v2\/pages\/340\/revisions\/12959"}],"up":[{"embeddable":true,"href":"https:\/\/johannazweiger.at\/index.php?rest_route=\/wp\/v2\/pages\/320"}],"wp:attachment":[{"href":"https:\/\/johannazweiger.at\/index.php?rest_route=%2Fwp%2Fv2%2Fmedia&parent=340"}],"curies":[{"name":"wp","href":"https:\/\/api.w.org\/{rel}","templated":true}]}}

<p><strong> &#8212; Sorry, German only. &#8212;</strong></p>
<p>Meine Stationen beim Radio:</p>
<ul>
<li>Dezember 2013 &#8211; Februar 2023: <strong>Nachrichtenredakteurin</strong> bei <a href="http://www.radiocontent.net/">radio content austria (rca)</a>, Recherche und Präsentation der stündlichen Radionachrichten für Privatsender in ganz Österreich</li>
<li>Juli 2012 und August bis November 2013: Praktikum bei radio content austria, <strong>erstes Mal on air</strong> im Rahmen der nationalen Nachrichten am 15. Juli 2012.</li>
<li>Jänner bis Juli 2012: <strong>Sprecherausbildung</strong> bei <a href="http://www.gregorwithalm.at/">Dr. Gregor Withalm</a> (Chefredakteur rca).</li>
<li>Oktober 2011 bis Jänner 2012: Viermonatiges <strong>Pflichtpraktikum </strong>bei <a href="http://www.antenne.at/index.php?id=30">Antenne Steiermark</a> und radio content austria im Rahmen meines Studiums.</li>
<li>März bis Juli 2011: Grund- und Moderationsausbildung beim <strong>Hochschulradio Stuttgart</strong> (<a href="http://www.horads.de/">„horads“</a>) im Rahmen meines Auslandssemesters an der Hochschule der Medien. CvD- &amp; Moderationstätigkeiten für die Morning Show.</li>
<li>Jänner bis Juni 2010: Sendungsmacherin auf <a href="http://helsinki.at/">Radio Helsinki</a> beim <strong>Projekt JUKreiz</strong> (Sendung „aufSTRICH“). Radiofeatures zu Graz-bezogenen Themen und Co-Moderationen.</li>
</ul>
<h2><span style="color: #000000;"><strong><strong>Hörproben<br />
</strong></strong></span></h2>
<!--[if lt IE 9]><script>document.createElement('audio');</script><![endif]-->
<audio class="wp-audio-shortcode" id="audio-340-1" preload="none" style="width: 100%;" controls="controls"><source type="audio/mpeg" src="http://johannazweiger.at/wp-content/uploads/2010/04/Polyamorie_Beitrag_Zweiger_kleiner.mp3?_=1" /><a href="http://johannazweiger.at/wp-content/uploads/2010/04/Polyamorie_Beitrag_Zweiger_kleiner.mp3">http://johannazweiger.at/wp-content/uploads/2010/04/Polyamorie_Beitrag_Zweiger_kleiner.mp3</a></audio>
<p><a href="http://johannazweiger.at/?attachment_id=12785" rel="attachment wp-att-12785"><img loading="lazy" class="alignleft wp-image-12785 size-thumbnail" src="http://johannazweiger.at/wp-content/uploads/2010/04/polyamorie_logo-150x150.png" alt="polyamorie_logo" width="150" height="150" srcset="https://johannazweiger.at/wp-content/uploads/2010/04/polyamorie_logo-150x150.png 150w, https://johannazweiger.at/wp-content/uploads/2010/04/polyamorie_logo-300x300.png 300w, https://johannazweiger.at/wp-content/uploads/2010/04/polyamorie_logo-768x768.png 768w, https://johannazweiger.at/wp-content/uploads/2010/04/polyamorie_logo.png 1024w" sizes="(max-width: 150px) 100vw, 150px" /></a></p>
<p><span style="color: #000000;"><strong>Beitrag zum Thema Polyamorie</strong></span></p>
<p><span style="color: #000000;">Im Mai 2019 habe ich mich mit einer mir bisher eher unbekannten Form des Liebenslebens &#8211; der Polyamorie &#8211; beschäftgt. Im daraus entstandenen Beitrag spreche ich mit Daniel und Jessi, die seit mehreren Jahren polyamor leben. Sie erzählen davon, wie wichtig Kommunikation (nicht nur in polyamoren Beziehungen) ist, welchen Vorurteilen sie begegnen und wie sie sich ihre gemeinsame Zukunft vorstellen.</span></p>
<audio class="wp-audio-shortcode" id="audio-340-2" preload="none" style="width: 100%;" controls="controls"><source type="audio/mpeg" src="http://johannazweiger.at/wp-content/uploads/2010/04/Unabhängigkeitsbewegungen_lang.mp3?_=2" /><a href="http://johannazweiger.at/wp-content/uploads/2010/04/Unabhängigkeitsbewegungen_lang.mp3">http://johannazweiger.at/wp-content/uploads/2010/04/Unabhängigkeitsbewegungen_lang.mp3</a></audio>
<p><a href="http://johannazweiger.at/?attachment_id=5917" rel="attachment wp-att-5914"><img loading="lazy" class="alignleft wp-image-5917" title="Paul Gragl im Gespräch (c) Johanna Zweiger" src="http://johannazweiger.at/wp-content/uploads/2010/04/DSC00258c_neu-300x200.jpg" alt="" width="227" height="151" srcset="https://johannazweiger.at/wp-content/uploads/2010/04/DSC00258c_neu-300x200.jpg 300w, https://johannazweiger.at/wp-content/uploads/2010/04/DSC00258c_neu-768x512.jpg 768w, https://johannazweiger.at/wp-content/uploads/2010/04/DSC00258c_neu-1024x683.jpg 1024w" sizes="(max-width: 227px) 100vw, 227px" /></a></p>
<p><span style="color: #000000;"><strong>Beitrag zum Thema Unabhängigkeitsbewegungen mit Paul Gragl</strong></span></p>
<p><span style="color: #000000;">Mit einem spannenden Interview mit Paul Gragl zu Unabhängigkeitsbewegungen in Großbritannien, Spanien und der Ukraine habe ich im Mai 2017 einen gebauten Beitrag gestaltet. Paul Gragl ist Senior Lecturer an der Queen Mary-Universität in London und außerdem Lehrbeauftragter an der Karl-Franzens-Universität Graz. Anfang 2018 ist seine Habilitation <a style="color: #000000;" href="https://global.oup.com/academic/product/legal-monism-9780198796268?lang=en&amp;cc=be" target="_blank" rel="noopener">&#8220;Legal Monism&#8221;</a> im Verlag Oxford University Press erschienen.</span></p>
<audio class="wp-audio-shortcode" id="audio-340-3" preload="none" style="width: 100%;" controls="controls"><source type="audio/mpeg" src="http://johannazweiger.at/wp-content/uploads/2010/04/BBK_Portrait_neu_fertig.mp3?_=3" /><a href="http://johannazweiger.at/wp-content/uploads/2010/04/BBK_Portrait_neu_fertig.mp3">http://johannazweiger.at/wp-content/uploads/2010/04/BBK_Portrait_neu_fertig.mp3</a></audio>
<p><span style="color: #000000;"><a href="http://johannazweiger.at/wp-content/uploads/2011/07/dsc08248.jpg"><span style="color: #000000;"><img loading="lazy" class="alignleft wp-image-1447" title="B.B. King beim Jazzopen in Stuttgart (c) Johanna Zweiger" src="http://johannazweiger.at/wp-content/uploads/2011/07/dsc08248.jpg?w=1024" alt="B.B.King beim Jazzopen Stuttgart (2011)" width="227" height="151" srcset="https://johannazweiger.at/wp-content/uploads/2011/07/dsc08248.jpg 3456w, https://johannazweiger.at/wp-content/uploads/2011/07/dsc08248-300x200.jpg 300w, https://johannazweiger.at/wp-content/uploads/2011/07/dsc08248-1024x682.jpg 1024w" sizes="(max-width: 227px) 100vw, 227px" /></span></a></span></p>
<p><span style="color: #000000;"><strong>Künstlerportait B.B.</strong></span><span style="color: #000000;"><span style="color: #000000;"><span style="color: #000000;"><span style="color: #000000;"><span style="color: #000000;"><strong>King</strong></span></span></span></span></span></p>
<p><span style="color: #000000;">Während meines Auslandssemesters an der Hochschule der Medien Anfang 2011  in Stuttgart besuchte ich zusätzlich zu meiner Tätigkeit beim Hochschulradio einen Radioworkshop. Ziel der LV war es, einen sendereifen Beitrag zu produzieren. Ich entschied mich für ein Künstlerportrait über den &#8220;King of the Blues&#8221; &#8211; B.B.King, der im Juli 2011 beim <a href="https://www.jazzopen.com/">Jazzopen Stuttgart</a> auftreten sollte.<br />
</span></p>

<p> &#8212; Sorry, German only. &#8212; Meine Stationen beim Radio: Dezember 2013 &#8211; Februar 2023: Nachrichtenredakteurin bei radio content austria (rca), Recherche und Präsentation der stündlichen Radionachrichten für Privatsender in ganz Österreich Juli 2012 und August</p>
